 what is -1 + 2?
1
In base 8, what is -105 - 23?
-130
In base 12, what is 2 + 25?
27
In base 5, what is 1213 - -1?
1214
In base 6, what is 1 + -20121?
-20120
In base 10, what is -3 - 1653?
-1656
In base 16, what is 2 + -6f4?
-6f2
In base 6, what is -3 + 305?
302
In base 9, what is -138 + -23?
-162
In base 11, what is 223a - 0?
223a
In base 10, what is 285 - -5?
290
In base 14, what is -144 - 5?
-149
In base 15, what is 10e3 + 3?
10e6
In base 11, what is -4 + 16?
12
In base 14, what is -11 + -2?
-13
In base 2, what is -1110010101 - -10?
-1110010011
In base 13, what is 551 + 9?
55a
In base 16, what is 1aa - 3?
1a7
In base 11, what is -2914 - 0?
-2914
In base 3, what is 0 - 211022?
-211022
In base 8, what is -157 + 57?
-100
In base 12, what is -5 - 18?
-21
In base 3, what is -1 - -1012?
1011
In base 8, what is 44745 - -1?
44746
In base 9, what is -4818 + 4?
-4814
In base 4, what is -11323 - -21?
-11302
In base 16, what is 4 - f?
-b
In base 14, what is a + -3d6?
-3ca
In base 14, what is -3 - -33?
30
In base 11, what is -2 - 450?
-452
In base 6, what is -15 + 2?
-13
In base 3, what is 1 - 1202?
-1201
In base 13, what is 9 + -24?
-18
In base 4, what is 10 + -31123?
-31113
In base 12, what is -1 + 88?
87
In base 12, what is 1 - 15a?
-159
In base 2, what is 1011 - 10101101?
-10100010
In base 11, what is 4 + -1833?
-182a
In base 13, what is 3 + 378?
37b
In base 11, what is -1720 + 2?
-1719
In base 7, what is -2 + -322?
-324
In base 8, what is -606 - 15?
-623
In base 5, what is -14320 - 4?
-14324
In base 5, what is 13 + -1042?
-1024
In base 14, what is 0 - 1549?
-1549
In base 14, what is -3 - b9?
-bc
In base 15, what is -8 + 99?
91
In base 4, what is 1330202 - 3?
1330133
In base 8, what is -522 - 3?
-525
In base 11, what is -16 + 6?
-10
In base 4, what is 1003 + 2?
1011
In base 13, what is 7 - -37?
41
In base 11, what is 2 - 21?
-1a
In base 12, what is 3 + 175?
178
In base 7, what is 1326 + 2?
1331
In base 15, what is 2 + 50c?
50e
In base 3, what is -10 + 0?
-10
In base 16, what is 276 - -4?
27a
In base 16, what is 2a3 + 2?
2a5
In base 6, what is 33124 + -4?
33120
In base 14, what is 2c - -2b?
59
In base 13, what is 0 - -17c9?
17c9
In base 11, what is 4 + 243?
247
In base 15, what is -1b + 2?
-19
In base 3, what is -221 + -2110?
-10101
In base 2, what is 101011 + -111?
100100
In base 14, what is -14a - 60?
-1aa
In base 11, what is 1513 + 0?
1513
In base 7, what is 4 + 1535?
1542
In base 15, what is 4 - 237?
-233
In base 11, what is -17 + 19?
2
In base 7, what is -425 - -5?
-420
In base 15, what is 6 + 2a?
31
In base 4, what is -11 - -13?
2
In base 2, what is 11010100 + 1000001?
100010101
In base 11, what is -76 + 5?
-71
In base 16, what is 4b - -5?
50
In base 5, what is -1 - 4220?
-4221
In base 10, what is -1 + 1115?
1114
In base 3, what is 2012202102 + 1?
2012202110
In base 2, what is 110101000 + -100?
110100100
In base 13, what is -41 + -a1?
-112
In base 4, what is 12 + 22020?
22032
In base 8, what is 6 - -37?
45
In base 14, what is 5 - 227?
-222
In base 12, what is 15 + a?
23
In base 11, what is 6 - 10?
-5
In base 11, what is 3 + -352?
-34a
In base 2, what is 1111010011 - 11?
1111010000
In base 10, what is 1 + -41?
-40
In base 4, what is -213 - -130?
-23
In base 4, what is -3 + 2021?
2012
In base 14, what is 18 - 15?
3
In base 16, what is 1a - 131?
-117
In base 12, what is 115 + 5?
11a
In base 14, what is -3 - -4c?
49
In base 14, what is -d + -234?
-243
In base 14, what is -1 - -2?
1
In base 9, what is -17 - -24?
6
In base 4, what is 0 - -1000?
1000
In base 10, what is 1 + 33?
34
In base 15, what is 6 - 40?
-39
In base 10, what is 10 + 108?
118
In base 7, what is -2 - 3401?
-3403
In base 15, what is 0 + ad8?
ad8
In base 13, what is -a1 - -c?
-92
In base 5, what is 401 - 101?
300
In base 3, what is 202111 + -12?
202022
In base 10, what is 3 + -3?
0
In base 9, what is -116 - 57?
-174
In base 8, what is 36 + -107?
-51
In base 5, what is 1 - 11102?
-11101
In base 15, what is -4 + -3ec?
-401
In base 12, what is 2 + -30a?
-308
In base 8, what is 141 - 0?
141
In base 13, what is 2 + a02?
a04
In base 13, what is 148 - 6?
142
In base 15, what is 4 + -36?
-32
In base 2, what is 0 + -111110?
-111110
In base 3, what is -2212 - -22220?
20001
In base 15, what is 559 - 2?
557
In base 13, what is 4 + 61?
65
In base 8, what is -2 - -1066?
1064
In base 8, what is -124 + 4?
-120
In base 4, what is -10 - -122?
112
In base 10, what is -28 - -5?
-23
In base 6, what is 4255 + -5?
4250
In base 6, what is 4311 - 1?
4310
In base 7, what is -4 - 431?
-435
In base 16, what is 10a9 + 1?
10aa
In base 10, what is -14 - -26?
12
In base 7, what is 5 + -3064?
-3056
In base 8, what is -2 - 7?
-11
In base 14, what is -16 + 56?
40
In base 14, what is 4 - -4c?
52
In base 5, what is -21430 - -4?
-21421
In base 8, what is 5 - 504?
-477
In base 13, what is 1559 - 2?
1557
In base 8, what is 16 + -717?
-701
In base 7, what is -140 - 56?
-226
In base 4, what is -10221 + -103?
-10330
In base 7, what is 10162 + 3?
10165
In base 4, what is 210 - -1013?
1223
In base 16, what is -79 - 3?
-7c
In base 10, what is 13278 - -1?
13279
In base 12, what is -363 - -2a?
-335
In base 4, what is 122 - 1201?
-1013
In base 14, what is -4 + 221?
21b
In base 13, what is -2 - 248?
-24a
In base 10, what is 3 - 526?
-523
In base 15, what is 2 - -b4?
b6
In base 10, what is -23 + 30?
7
In base 16, what is 7 - -216?
21d
In base 11, what is -aa + -1?
-100
In base 12, what is -5 + -240?
-245
In base 4, what is -10123 + -100?
-10223
In base 12, what is -1 + -67?
-68
In base 4, what is 330021 + -11?
330010
In base 16, what is -5 - 5d?
-62
In base 14, what is 19a + 16?
1b2
In base 9, what is 2 + -33?
-31
In base 14, what is 5 + 321c?
3223
In base 5, what is 10 - -32433?
32443
In base 9, what is 35 - -1?
36
In base 4, what is -100 - 122?
-222
In base 13, what is -1 + 44?
43
In base 9, what is 663 + 4?
667
In base 16, what is 156 - -39?
18f
In base 6, what is -11 - -100?
45
In base 15, what is -2 - -13c?
13a
In base 4, what is -121312 + 3?
-121303
In base 2, what is 10010111 + 10?
10011001
In base 6, what is 204 + 33?
241
In base 14, what is a + -16?
-a
In base 13, what is -11 - 33?
-44
In base 10, what is 2009 - -2?
2011
In base 11, what is 130 + 0?
130
In base 5, what is 33101 + -3?
33043
In base 15, what is 0 + 5d9?
5d9
In base 10, what is 1573 - 0?
1573
In base 16, what is -4 - -124?
120
In base 15, what is -17e + -1?
-180
In base 9, what is -156 + 0?
-156
In base 16, what is -1 + a0?
9f
In base 9, what is 15 - -12?
27
In base 11, what is -191 + -4?
-195
In base 15, what is -42 + 5?
-3c
In base 16, what is -c + 1?
-b
In base 16, what is 1 + 14?
15
In base 3, what is 1 - -22110020?
22110021
In base 11, what is 5140 + -2?
5139
In base 9, what is -137 - 0?
-137
In base 3, what is 120002 + -11?
112221
In base 3, what is -2121222 - -2?
-2121220
In base 5, what is 2 - -200?
202
In base 16, what is -2 + 70?
6e
In base 12, what is -1a - 13?
-31
In base 11, what is -29 - 4?
-32
In base 6, what is -20 - 4?
-24
In base 12, what is -1 + -a6?
-a7
In base 10, what is -8 - -3?
-5
In base 6, what is 2354 + 4?
2402
In base 3, what is 12012 - -20?
12102
In base 12, what is -6433 - 0?
-6433
In base 12, what is 2 + 1216?
1218
In base 3, what is -1220 + 11100?
2110
In base 13, what is -bc + 20?
-9c
In base 16, what is -3 - -6b?
68
In base 15, what is -c9 + 16?
-b3
In base 5, what is -3 - 40?
-43
In base 2, what is -1011 + 10101?
1010
In base 15, what is 4 + -2b5?
-2b1
In base 11, what is 2 - 19?
-17
In base 12, what is 0 - a79?
-a79
In base 11, what is 18 - -6?
23
In base 10, what is 14 - -42?
56
In base 5, what is 0 + 22141?
22141
In base 4, what is 113 - 313?
-200
In base 16, what is 15 - 5?
10
In base 4, what is 2201120 - -11?
2201131
In base 11, what is -7 + -13?
-1a
In base 7, what is -2 + -1562?
-1564
In base 16, what is -2e - -6?
-28
In base 12, what is 2 + -40?
-3a
In base 12, what is 895 - 4?
891
In base 9, what is 4 - 430?
-425
In base 7, what is -426 - -5?
-421
In base 3, what is 10121 - 121?
10000
In base 13, what is -445 - -2?
-443
In base 12, what is 1a9 + 0?
1a9
In base 7, what is 1 + 134?
135
In base 8, what is 1141 + 2?
1143
In base 3, what is -11111022 + -11?
-11111110
In base 16, what is -832 - -1?
-831
In base 7, what 